35 divide 4445?
True
Is 38 a factor of 15287?
False
Is 38 a factor of 872?
False
Is 1352 a multiple of 8?
True
Is 50042 a multiple of 131?
True
Is 61 a factor of 1528?
False
Is 9143 a multiple of 171?
False
Does 5 divide 391?
False
Is 359 a multiple of 7?
False
Does 18 divide 1051?
False
Is 3 a factor of 191?
False
Does 98 divide 1176?
True
Is 2008 a multiple of 8?
True
Is 56 a multiple of 4?
True
Is 68370 a multiple of 215?
True
Is 53 a factor of 3888?
False
Does 39 divide 819?
True
Is 140834 a multiple of 67?
True
Is 144 a multiple of 9?
True
Is 24 a factor of 25222?
False
Does 10 divide 6810?
True
Is 103 a factor of 59431?
True
Is 145 a factor of 3846?
False
Is 11 a factor of 572?
True
Does 19 divide 2698?
True
Is 1553 a multiple of 48?
False
Is 26 a factor of 1061?
False
Does 8 divide 22?
False
Does 8 divide 1489?
False
Is 168 a multiple of 42?
True
Is 7 a factor of 3128?
False
Is 12 a factor of 432?
True
Is 84783 a multiple of 13?
False
Does 17 divide 1275?
True
Is 83 a factor of 5561?
True
Does 39 divide 1379?
False
Is 55 a factor of 1247?
False
Is 88 a factor of 1569?
False
Does 52 divide 5148?
True
Is 6940 a multiple of 12?
False
Is 20 a factor of 31432?
False
Does 21 divide 131187?
True
Is 494 a multiple of 19?
True
Does 5 divide 1286?
False
Does 27 divide 11800?
False
Is 68 a factor of 15071?
False
Is 20 a factor of 5322?
False
Does 44 divide 90?
False
Is 8851 a multiple of 9?
False
Does 12 divide 60?
True
Is 29240 a multiple of 47?
False
Does 40 divide 1098?
False
Does 49 divide 46158?
True
Is 1380 a multiple of 46?
True
Is 1768 a multiple of 13?
True
Does 4 divide 19?
False
Does 52 divide 20893?
False
Does 39 divide 117?
True
Does 4 divide 5124?
True
Does 25 divide 18815?
False
Is 54 a factor of 648?
True
Does 4 divide 242?
False
Is 252 a multiple of 84?
True
Does 50 divide 2650?
True
Is 10 a factor of 12264?
False
Is 13731 a multiple of 51?
False
Is 6 a factor of 378?
True
Is 18 a factor of 1892?
False
Is 11 a factor of 884?
False
Is 2156 a multiple of 28?
True
Is 34849 a multiple of 7?
False
Does 45 divide 729?
False
Is 24 a factor of 33264?
True
Is 8 a factor of 10552?
True
Does 56 divide 11368?
True
Is 42 a factor of 5922?
True
Is 39521 a multiple of 72?
False
Is 1115 a multiple of 3?
False
Is 74 a factor of 2664?
True
Does 12 divide 22968?
True
Does 6 divide 678?
True
Is 58 a factor of 348?
True
Is 40146 a multiple of 199?
False
Is 6 a factor of 3587?
False
Does 21 divide 10358?
False
Is 44 a factor of 406?
False
Does 2 divide 6486?
True
Is 63 a multiple of 8?
False
Is 381 a multiple of 4?
False
Is 966 a multiple of 6?
True
Does 9 divide 531?
True
Is 76 a factor of 6387?
False
Does 118 divide 81420?
True
Is 3 a factor of 4629?
True
Is 344 a multiple of 10?
False
Is 2 a factor of 1279?
False
Does 7 divide 1071?
True
Does 205 divide 42845?
True
Is 30 a factor of 240?
True
Is 13243 a multiple of 17?
True
Does 24 divide 4368?
True
Is 51 a factor of 26010?
True
Does 11 divide 220?
True
Is 2128 a multiple of 182?
False
Is 10 a factor of 200?
True
Is 4224 a multiple of 88?
True
Does 50 divide 6144?
False
Does 54 divide 14850?
True
Does 9 divide 1107?
True
Does 12 divide 173563?
False
Does 35 divide 23572?
False
Is 234 a multiple of 6?
True
Does 29 divide 1557?
False
Does 61 divide 2074?
True
Is 10 a factor of 4523?
False
Is 7 a factor of 10617?
False
Is 25 a factor of 200?
True
Is 72982 a multiple of 14?
True
Is 2488 a multiple of 46?
False
Is 2123 a multiple of 26?
False
Is 8 a factor of 1528?
True
Is 48 a factor of 1889?
False
Is 77 a factor of 3773?
True
Is 22234 a multiple of 15?
False
Does 3 divide 64?
False
Does 54 divide 756?
True
Is 23254 a multiple of 12?
False
Is 2280 a multiple of 120?
True
Is 225 a multiple of 47?
False
Is 7 a factor of 3417?
False
Is 1328 a multiple of 16?
True
Does 5 divide 51480?
True
Is 19 a factor of 13555?
False
Does 6 divide 3057?
False
Is 81 a factor of 673?
False
Is 28906 a multiple of 137?
False
Is 15 a factor of 1558?
False
Is 18060 a multiple of 60?
True
Does 19 divide 779?
True
Is 90 a factor of 73170?
True
Does 5 divide 88?
False
Does 6 divide 9744?
True
Is 31 a factor of 259?
False
Is 12 a factor of 471?
False
Is 60 a multiple of 3?
True
Is 45 a factor of 223?
False
Does 90 divide 7650?
True
Is 2968 a multiple of 25?
False
Is 57 a factor of 1402?
False
Is 37 a factor of 14467?
True
Is 190 a multiple of 10?
True
Is 326 a multiple of 15?
False
Is 3043 a multiple of 17?
True
Is 21 a factor of 22638?
True
Does 62 divide 434?
True
Does 23 divide 989?
True
Is 58 a factor of 13345?
False
Does 9 divide 60507?
True
Does 44 divide 909?
False
Is 2635 a multiple of 17?
True
Is 919 a multiple of 11?
False
Does 20 divide 524?
False
Does 17 divide 724?
False
Is 210 a factor of 65310?
True
Is 8 a factor of 90?
False
Is 20008 a multiple of 2?
True
Is 8700 a multiple of 58?
True
Is 8 a factor of 1128?
True
Does 59 divide 826?
True
Does 76 divide 1520?
True
Is 13 a factor of 286?
True
Does 32 divide 837?
False
Does 46 divide 483?
False
Does 44 divide 48004?
True
Does 325 divide 27532?
False
Does 50 divide 4228?
False
Does 51 divide 6732?
True
Does 43 divide 172?
True
Is 388 a multiple of 29?
False
Does 7 divide 1626?
False
Is 332 a multiple of 31?
False
Does 16 divide 10432?
True
Does 77 divide 3920?
False
Does 12 divide 180?
True
Is 10 a factor of 13441?
False
Is 883 a multiple of 2?
False
Is 244 a factor of 80764?
True
Is 37856 a multiple of 169?
True
Is 3 even?
False
Is 804 a multiple of 31?
False
Is 7 a factor of 195?
False
Is 5379 a multiple of 11?
True
Does 7 divide 8750?
True
Is 66 a factor of 4528?
False
Is 83650 a multiple of 283?
False
Does 4 divide 379?
False
Is 7 a factor of 54?
False
Is 2925 a multiple of 15?
True
Does 120 divide 52486?
False
Is 1695 a multiple of 15?
True
Is 25 a factor of 325?
True
Does 5 divide 485?
True
Is 21283 a multiple of 139?
False
Is 23 a factor of 46?
True
Is 53 a factor of 594?
False
Is 328 a multiple of 13?
False
Is 6 a factor of 856?
False
Is 12434 a multiple of 28?
False
Is 28 a factor of 911?
False
Is 92276 a multiple of 46?
True
Is 50 a factor of 100?
True
Is 1932 a multiple of 84?
True
Does 79 divide 35860?
False
Is 18 a factor of 972?
True
Does 26 divide 239?
False
Is 272 a multiple of 8?
True
Does 20 divide 91?
False
Is 31 a factor of 10918?
False
Is 28 a factor of 12264?
True
Is 800 a multiple of 50?
True
Is 263 a factor of 6049?
True
Does 2 divide 3437?
False
Is 20 a factor of 50778?
False
Is 1113 a multiple of 15?
False
Is 103620 a multiple of 157?
True
Is 15 a factor of 9403?
False
Is 4076 a multiple of 42?
False
Is 54 a factor of 74226?
False
Is 115 a factor of 27837?
False
Does 24 divide 69275?
False
Does 53 divide 93121?
True
Is 13 a factor of 176?
False
Does 11 divide 37983?
True
Is 23 a factor of 5566?
True
Is 1182 a multiple of 6?
True
Does 56 divide 2026?
False
Is 5 a factor of 303?
False
Does 20 divide 153?
False
Is 31 a factor of 502?
False
Is 3956 a multiple of 23?
True
Does 45 divide 585?
True
Does 9 divide 981?
True
Is 59 a factor of 4484?
True
Is 767 a multiple of 35?
False
Is 4 a factor of 284?
True
Is 2006 a multiple of 59?
True
Is 564 a multiple of 50?
False
Is 2175 a multiple of 75?
True
Is 3900 a multiple of 78?
True
Is 11 a factor of 275?
True
Does 4 divide 972?
True
Does 6 divide 151?
False
Does 17 divide 4488?
True
Is 7 a factor of 424?
False
Is 3179 a multiple of 46?
False
Is 9395 a multiple of 8?
False
Does 42 divide 656?
False
Is 12648 a multiple of 17?
True
Is 37 a factor of 15138?
False
Is 672 a multiple of 17?
False
Does 133 divide 46753?
False
Is 3780 a multiple of 18?
True
Does 25 divide 14700?
True
Is 37 a factor of 3552?
True
Is 164 a multiple of 4?
True
Is 275 even?
False
Is 32 a factor of 320?
True
Is 417 a multiple of 91?
False
Does 10 divide 1111?
False
Does 7 divide 163?
False
Is 35 a factor of 1820?
True
Is 180 a multiple of 12?
True
Is 28176 a multiple of 28?
False
Is 11 a factor of 4103?
True
Does 39 divide 589?
False
Does 44 divide 1452?
True
Is 15 a factor of 2204?
False
Does 138 divide 23110?
False
Is 21051 a multiple of 23?
False
Is 12992 a multiple of 58?
True
Does 107 divide 5691?
False
Does 212 divide 10192?
False
Does 60 divide 8077?
False
Is 133 a factor of 8645?
True
Does 2 divide 4536?
True
Is 9695 a m